
31520
-11012 (base 3) to base 12
-95
Convert 160bd (base 14) to base 5.
3230142
What is -22101 (base 4) in base 7?
-1626
-504 (base 6) to base 12
-134
What is 16317 (base 12) in base 11?
21787
What is -58c (base 15) in base 13?
-759
What is 31410 (base 7) in base 6?
55513
11142 (base 6) to base 5
22244
-176 (base 10) to base 7
-341
-bc97 (base 14) to base 15
-9a2e
-25124 (base 7) to base 10
-6584
Convert -2640 (base 9) to base 2.
-11110111100
What is -222e (base 16) in base 5?
-240000
What is -6905 (base 12) in base 5?
-333134
Convert 1011111010100 (base 2) to base 9.
8327
Convert -53102 (base 7) to base 11.
-9916
What is -10505 (base 6) in base 11?
-1127
Convert 111111110000 (base 2) to base 5.
112310
-31202211 (base 4) to base 6
-1104433
-258 (base 12) to base 13
-215
Convert -1baa (base 15) to base 11.
-4574
-8e (base 16) to base 7
-262
What is 1001101011101 (base 2) in base 6?
34541
74531 (base 8) to base 11
21381
-55766 (base 8) to base 3
-1012021221
Convert 578 (base 13) to base 6.
4212
Convert 1120003 (base 4) to base 6.
42031
What is 2b092 (base 13) in base 5?
10101113
25514 (base 8) to base 9
16175
Convert -320030 (base 4) to base 14.
-144c
Convert -10002 (base 3) to base 10.
-83
287c (base 16) to base 11
7872
Convert -397 (base 12) to base 10.
-547
What is 1250 (base 9) in base 7?
2505
Convert -7556 (base 8) to base 3.
-12102022
Convert 4736 (base 8) to base 3.
10110120
What is -6107 (base 10) in base 11?
-4652
Convert 1010200 (base 4) to base 2.
1000100100000
Convert 8795 (base 16) to base 6.
424405
5fae (base 16) to base 15
73ce
-1100010110 (base 2) to base 14
-406
-24a (base 12) to base 16
-15a
What is -2905 (base 12) in base 4?
-1022111
2033 (base 5) to base 7
532
11201222 (base 3) to base 5
102310
What is -3123033 (base 4) in base 15?
-4256
What is 2054 (base 15) in base 11?
5149
What is 865b (base 13) in base 10?
18666
Convert 115b (base 14) to base 16.
bcd
What is -111011100 (base 2) in base 4?
-13130
Convert -100321 (base 4) to base 16.
-439
455 (base 8) to base 6
1221
202020220 (base 3) to base 16
39ae
-36355 (base 7) to base 10
-9448
Convert -12110201 (base 3) to base 8.
-7624
-801c (base 14) to base 13
-a008
What is -3002 (base 8) in base 7?
-4325
What is -1366 (base 16) in base 14?
-1b4a
Convert -11010100001 (base 2) to base 7.
-4643
1245 (base 6) to base 13
1b5
What is 11002222 (base 3) in base 14?
1140
What is -2131034 (base 5) in base 7?
-211051
Convert -13310231 (base 4) to base 2.
-111110100101101
What is -221200220 (base 3) in base 11?
-13092
3658 (base 14) to base 15
2c26
Convert 334 (base 13) to base 5.
4200
-4615 (base 14) to base 5
-342141
Convert -112221 (base 3) to base 12.
-297
What is a2 (base 14) in base 7?
262
What is 4a85 (base 12) in base 9?
12532
553 (base 8) to base 6
1403
3f (base 16) to base 8
77
10001111000011 (base 2) to base 8
21703
1063 (base 7) to base 4
12010
Convert 2121 (base 3) to base 16.
46
7a8 (base 15) to base 10
1733
-2e (base 16) to base 10
-46
Convert 12121212 (base 3) to base 5.
112400
-10633 (base 7) to base 2
-101010011111
Convert 1113 (base 15) to base 14.
1466
What is 404 (base 9) in base 6?
1304
856 (base 15) to base 14
985
10100100111110 (base 2) to base 6
120514
Convert 2133031 (base 4) to base 13.
483a
What is 80b4 (base 12) in base 11?
a541
What is 200230 (base 4) in base 11?
1632
44d9 (base 16) to base 10
17625
What is -1592 (base 12) in base 15?
-b58
What is 102220120 (base 3) in base 2?
10000111101010
Convert -11475 (base 9) to base 15.
-2422
What is 445b (base 15) in base 10?
14486
10000 (base 7) to base 6
15041
Convert a3d9 (base 14) to base 16.
6e3b
-34 (base 16) to base 3
-1221
What is -1c5 (base 15) in base 11?
-343
Convert 381 (base 11) to base 9.
552
-45 (base 12) to base 14
-3b
What is 12816 (base 11) in base 10?
18288
-51 (base 7) to base 11
-33
What is 10345 (base 7) in base 8?
5025
What is -213353 (base 7) in base 12?
-19665
Convert 330 (base 6) to base 11.
105
What is 211 (base 10) in base 4?
3103
What is -22102 (base 4) in base 10?
-658
What is 101012 (base 3) in base 14?
159
1010011110 (base 2) to base 3
220211
What is -1525 (base 7) in base 4?
-21133
What is -13201032 (base 4) in base 14?
-b31c
Convert -41504 (base 6) to base 5.
-134314
8b6c (base 15) to base 2
111001110001001
What is 355 (base 14) in base 4?
22113
37130 (base 8) to base 3
210220010
What is 13415 (base 10) in base 14?
4c63
What is 39 (base 11) in base 7?
60
Convert 99 (base 10) to base 2.
1100011
What is -18a3a (base 13) in base 7?
-256403
What is a56 (base 11) in base 15?
59b
What is -350 (base 13) in base 8?
-1074
Convert 30345 (base 7) to base 5.
214013
-1223 (base 9) to base 7
-2442
523004 (base 6) to base 4
22102030
190 (base 15) to base 11
2a8
532 (base 9) to base 12
302
10510 (base 7) to base 9
3567
-289 (base 10) to base 12
-201
-22a (base 12) to base 7
-640
What is -1ac (base 13) in base 12?
-21b
1032202 (base 6) to base 12
25662
Convert 9ca2 (base 14) to base 12.
1389a
-5653 (base 8) to base 6
-21455
-6334 (base 9) to base 10
-4648
Convert -11101111 (base 2) to base 10.
-239
2c1 (base 16) to base 15
320
What is 210 (base 8) in base 6?
344
What is 51a3 (base 11) in base 9?
10404
Convert -3102 (base 7) to base 9.
-1430
-111011001010101 (base 2) to base 3
-1112112222
What is -10111110001111 (base 2) in base 11?
-9169
101000111011001 (base 2) to base 5
1132303
Convert -307 (base 15) to base 13.
-406
Convert 10231 (base 9) to base 12.
3aa7
What is 1120222010 (base 3) in base 5?
2000243
Convert 32c9 (base 15) to base 12.
6290
Convert 7ed3 (base 15) to base 13.
c37b
What is 3577 (base 9) in base 12?
165a
Convert 2334 (base 14) to base 8.
13752
What is 1498 (base 10) in base 4?
113122
-1001022211 (base 3) to base 6
-235334
Convert 225 (base 7) to base 2.
1110101
Convert 2241 (base 12) to base 15.
11cd
Convert 54114 (base 6) to base 2.
1110011011110
60346 (base 8) to base 12
12432
Convert -101102 (base 4) to base 11.
-916
What is -16872 (base 11) in base 2?
-101110001111010
Convert 7523 (base 8) to base 10.
3923
Convert -25d (base 15) to base 8.
-1032
4114303 (base 5) to base 4
100110030
Convert 6a92 (base 16) to base 7.
142353
What is 344 (base 6) in base 12?
b4
What is 3601 (base 8) in base 6?
12521
11462 (base 12) to base 4
11221022
What is -1010110001111 (base 2) in base 15?
-197e
-10b4 (base 15) to base 13
-17c8
What is 55c0 (base 16) in base 4?
11113000
Convert 24532 (base 8) to base 7.
42602
Convert 276 (base 11) to base 5.
2300
What is -5051 (base 14) in base 2?
-11010111011111
Convert 1112222211 (base 3) to base 6.
353421
Convert -42157 (base 8) to base 16.
-446f
What is 4045 (base 10) in base 12?
2411
What is 230300 (base 5) in base 16?
2008
What is 1697 (base 13) in base 9?
4515
Convert 1232e (base 15) to base 10.
58094
-472 (base 13) to base 10
-769
What is -35a (base 15) in base 4?
-23320
-101110011 (base 2) to base 10
-371
Convert -15018 (base 9) to base 12.
-5abb
Convert -204401 (base 5) to base 3.
-100101202
What is -24311 (base 5) in base 9?
-2454
Convert -221220 (base 3) to base 13.
-41a
Convert 64242 (base 8) to base 13.
c266
5379 (base 16) to base 5
1140434
1c1a (base 14) to base 2
1010000000000
16235 (base 8) to base 15
2285
What is -321421 (base 7) in base 13?
-1c507
-33301 (base 4) to base 8
-1761
Convert 18 (base 12) to base 4.
110
-1112100 (base 3) to base 6
-5100
What is -124334 (base 5) in base 7?
-20326
-2aa5 (base 14) to base 15
-23b3
Convert 1c9 (base 13) to base 9.
411
-1214 (base 5) to base 4
-2320
What is 5332 (base 13) in base 10?
11533
What is -3333 (base 12) in base 11?
-4281
What is -3004 (base 6) in base 12?
-464
Convert -156512 (base 7) to base 11.
-21425
7b81 (base 15) to base 11
18778
What is 14767 (base 8) in base 12?
3a1b
Convert 4003 (base 5) to base 14.
27d
-1335 (base 6) to base 7
-1004
Convert -2b95 (base 15) to base 5.
-244430
What is -10001100001100 (base 2) in base 4?
-2030030
19f (base 16) to base 11
348
What is 1436 (base 10) in base 5?
21221
Convert 6745 (base 11) to base 16.
22b2
What is 1334033 (base 5) in base 6?
330453
33421 (base 5) to base 4
210321
Convert -140501 (base 6) to base 11.
-9967
107 (base 13) to base 10
176
Convert 111010 (base 3) to base 5.
2404
6b (base 16) to base 13
83
What is -3167 (base 8) in base 14?
-863
C